umber?
False
Is 788501 composite?
True
Is 4595 a composite number?
True
Is 2034737 a prime number?
True
Is 57237 prime?
False
Is 50821 a prime number?
True
Is 14767 a prime number?
True
Is 1399 composite?
False
Is 18119 prime?
True
Is 679067 a prime number?
True
Is 24707 a composite number?
True
Is 143799 composite?
True
Is 367491 prime?
False
Is 33529 prime?
True
Is 16663 composite?
True
Is 58649 a composite number?
True
Is 1709 a composite number?
False
Is 23803 a composite number?
True
Is 71999 a prime number?
True
Is 1158657 a composite number?
True
Is 153661 a prime number?
False
Is 28343 a composite number?
True
Is 92951 composite?
False
Is 2641 prime?
False
Is 14113 prime?
False
Is 409657 prime?
True
Is 5163 prime?
False
Is 233323 prime?
True
Is 67667 composite?
True
Is 1730041 a composite number?
False
Is 2809 a composite number?
True
Is 1038689 a composite number?
False
Is 322267 prime?
False
Is 1285465 a prime number?
False
Is 1906093 composite?
True
Is 1438681 prime?
True
Is 215653 prime?
True
Is 7251 a composite number?
True
Is 35357 a composite number?
True
Is 123581 a prime number?
True
Is 1542713 a prime number?
False
Is 16591 composite?
True
Is 10453 a prime number?
True
Is 12653 a prime number?
True
Is 16223 prime?
True
Is 11379 a composite number?
True
Is 443 composite?
False
Is 117239 prime?
True
Is 144931 a composite number?
False
Is 254545 composite?
True
Is 90119 a prime number?
False
Is 11887 a prime number?
True
Is 57883 a prime number?
False
Is 3541 a prime number?
True
Is 38143 composite?
True
Is 58013 a composite number?
False
Is 10937 prime?
True
Is 10307 a composite number?
True
Is 5273 a composite number?
False
Is 2763679 a prime number?
True
Is 327833 prime?
False
Is 2016059 a prime number?
True
Is 391273 a composite number?
False
Is 942683 prime?
False
Is 104831 composite?
False
Is 3883 composite?
True
Is 545863 composite?
False
Is 41461 a composite number?
True
Is 37849 a composite number?
True
Is 62329 a composite number?
True
Is 346991 composite?
True
Is 25045 composite?
True
Is 5297 a prime number?
True
Is 11463 prime?
False
Is 39815 a composite number?
True
Is 62099 prime?
True
Is 568577 a prime number?
True
Is 5435 a prime number?
False
Is 26309 prime?
True
Is 918193 a prime number?
True
Is 62351 a composite number?
False
Is 339373 composite?
False
Is 278365 a prime number?
False
Is 99793 composite?
False
Is 29123 prime?
True
Is 443659 composite?
False
Is 24194 a composite number?
True
Is 134399 composite?
False
Is 452497 a composite number?
False
Is 274487 prime?
False
Is 22513 composite?
True
Is 510989 a prime number?
True
Is 4229 prime?
True
Is 96137 prime?
True
Is 37643 composite?
False
Is 5701 prime?
True
Is 3163 a prime number?
True
Is 42317 composite?
True
Is 48571 prime?
True
Is 13997 composite?
False
Is 327883 composite?
True
Is 288671 a prime number?
False
Is 2183 a prime number?
False
Is 1330831 a prime number?
True
Is 36821 composite?
False
Is 619649 composite?
True
Is 22529 composite?
True
Is 100693 a prime number?
True
Is 679433 composite?
False
Is 58171 a prime number?
True
Is 1834973 prime?
False
Is 9184583 prime?
True
Is 1401 a composite number?
True
Is 85781 composite?
False
Is 3377 a composite number?
True
Is 8053 prime?
True
Is 1095767 prime?
False
Is 20005 composite?
True
Is 1211 a composite number?
True
Is 79229 a composite number?
False
Is 202513 prime?
False
Is 96573 a composite number?
True
Is 2939 a composite number?
False
Is 21349 prime?
False
Is 297359 composite?
False
Is 1049 prime?
True
Is 162121 prime?
False
Is 101991 a composite number?
True
Is 338831 a composite number?
True
Is 1091983 composite?
False
Is 942371 composite?
False
Is 1201831 prime?
False
Is 37717 composite?
False
Is 63059 composite?
False
Is 3761 a prime number?
True
Is 1213283 a prime number?
False
Is 9109 a composite number?
False
Is 197339 a composite number?
False
Is 9667 a prime number?
False
Is 6863 a composite number?
False
Is 8039 composite?
False
Is 112481 composite?
False
Is 105569 composite?
True
Is 11183 composite?
True
Is 84649 a composite number?
False
Is 49331 prime?
True
Is 20471 a composite number?
True
Is 20317 prime?
False
Is 1728931 composite?
True
Is 1361 prime?
True
Is 717 a prime number?
False
Is 120487 a prime number?
False
Is 38017 prime?
False
Is 4735 composite?
True
Is 8923 composite?
False
Is 924299 prime?
True
Is 8597 a composite number?
False
Is 9371 prime?
True
Is 118493 composite?
False
Is 906943 a prime number?
True
Is 89291 composite?
True
Is 4283 a composite number?
False
Is 705307 a composite number?
False
Is 33101 prime?
False
Is 58323 composite?
True
Is 575615 a prime number?
False
Is 18859 a composite number?
False
Is 30289 a composite number?
True
Is 1136813 prime?
True
Is 87221 composite?
False
Is 12385 a composite number?
True
Is 329489 composite?
False
Is 84629 a prime number?
True
Is 337 a composite number?
False
Is 905551 composite?
False
Is 17321 prime?
True
Is 2336581 a prime number?
False
Is 227219 prime?
True
Is 19777 a composite number?
False
Is 2757 a prime number?
False
Is 233 a composite number?
False
Is 1633 a composite number?
True
Is 229997 prime?
False
Is 1733 composite?
False
Is 18659 a prime number?
False
Is 397721 prime?
True
Is 24439 a composite number?
False
Is 405771 a prime number?
False
Is 82527 composite?
True
Is 391843 a composite number?
True
Is 209123 composite?
False
Is 345541 a prime number?
False
Is 516449 a prime number?
True
Is 1757059 prime?
False
Is 44929 composite?
True
Is 26193 composite?
True
Is 375359 prime?
True
Is 257098 a prime number?
False
Is 37489 prime?
True
Is 7817 a composite number?
False
Is 9599 a prime number?
False
Is 49007 a prime number?
False
Is 511003 prime?
False
Is 955 composite?
True
Is 1332467 a prime number?
True
Is 17593 a composite number?
True
Is 586787 a composite number?
False
Is 3733309 composite?
True
Is 2823 a prime number?
False
Is 68549 a composite number?
True
Is 117011 composite?
True
Is 38039 a prime number?
True
Is 36397 composite?
True
Is 4613 a prime number?
False
Is 220511 prime?
True
Is 259679 prime?
False
Is 3427 composite?
True
Is 232361 prime?
False
Is 1655 a prime number?
False
Is 31469 composite?
False
Is 45587 a prime number?
True
Is 125803 a composite number?
False
Is 22879 composite?
True
Is 1931 a prime number?
True
Is 2329 composite?
True
Is 88717 composite?
True
Is 9809 composite?
True
Is 3433 a composite number?
False
Is 10357 a composite number?
False
Is 140143 a prime number?
True
Is 33481 prime?
False
Is 729139 a composite number?
False
Is 37691 a composite number?
False
Is 1131283 prime?
False
Is 181243 prime?
True
Is 58561 a composite number?
True
Is 129863 a composite number?
True
Is 26459 a composite number?
False
Is 40987 composite?
True
Is 47251 a prime number?
True
Is 334717 a composite number?
False
Is 54097 prime?
False
Is 47903 composite?
False
Is 42863 composite?
False
Is 1833167 a composite number?
True
Is 46457 composite?
False
Is 43619 composite?
True
Is 921 a prime number?
False
Is 290879 composite?
False
Is 168143 prime?
True
Is 322051 a composite number?
False
Is 667 composite?
True
Is 1342633 a prime number?
True
Is 287171 a composite number?
True
Is 606631 a composite number?
True
Is 5711 a prime number?
True
Is 103141 prime?
True
Is 105943 prime?
True
Is 276077 composite?
True
Is 55439 a composite number?
False
Is 78635 a composite number?
True
Is 78919 prime?
True
Is 262391 a composite number?
False
Is 268711 a composite number?
True
Is 128459 a composite number?
True
Is 34187 prime?
False
Is 24889 a prime number?
True
Is 6833 composite?
False
Is 129031 prime?
False
Is 20729 a prime number?
False
Is 62641 prime?
False
Is 281117 a prime number?
True
Is 66337 a prime number?
True
Is 791227 a composite number?
False
Is 320993 composite?
True
Is 14633 composite?
False
Is 16603 composite?
False
Is 234283 a prime number?
False
Is 138399 composite?
True
Is 1216913 a composite number?
False
Is 4575891 a composite number?
True
Is 975797 prime?
True
Is 10102 composite?
True
Is 6143 a composite number?
False
Is 18839 a composite number?
False
Is 22709 prime?
True
Is 3449591 a prime number?
True
Is 79 a composite number?
False
Is 2971 prime?
True
Is 940507 a comp